 = 50*q - 4. Let r be k(3). Let z = 54 + r. Let h(g) = g**3 + 36*g**2 - 40*g - 71. Let o be h(-37). Calculate the greatest common divisor of o and z.
40
Let z(j) be the second derivative of 4*j**5/5 - j**4/4 + j**3/2 - 5*j**2/2 - 7*j - 12. Let h be z(2). Calculate the greatest common factor of h and 26.
13
Suppose -8155*m = -8145*m - 360. What is the highest common factor of m and 894?
6
Let c(y) = -1003*y - 1425. Let u be c(-36). Calculate the highest common divisor of 33 and u.
33
Let a(v) = v**2 + 14*v - 13. Let f be a(-15). Let x be (-12960)/(0 - f) + 0. Let j be x/140 - (-1)/(-14)*4. What is the greatest common divisor of 23 and j?
23
Let z = -119 + -8. Let s = -108 - z. What is the greatest common factor of 209 and s?
19
Suppose 0 = -105*b + 43*b + 25172. What is the highest common factor of 28 and b?
14
Let g(f) = f**2 - 5*f + 12. Let b be g(8). Suppose 0 = -44*l + 740 + 52. Calculate the greatest common factor of b and l.
18
Let n = -2592 - -2898. Calculate the highest common factor of n and 36.
18
Let l = 536 + -270. Suppose -11*t + 4560 = 113*t - 4*t. Calculate the highest common divisor of t and l.
38
Let k be (-3 - -11) + 10087/(-11). Let u = k - -955. Calculate the greatest common factor of u and 368.
46
Let q(d) = d - 17. Let t be q(19). Suppose 6 = 2*r - t*v, -12 = -v + 5*v. Let m be 1 + r - (-20 + -132). What is the highest common factor of 17 and m?
17
Suppose 239 + 727 = 3*w. Let c = w + -21. What is the highest common factor of c and 7?
7
Let g be (-1634)/2*(-4)/(-4). Let v = g + 1801. What is the highest common divisor of v and 24?
24
Let i be ((-19)/(-18) + 24/(-162)*-3)*2. What is the highest common divisor of 272 and i?
1
Let g be (-67443)/(-33) + 153/561. What is the highest common divisor of 196 and g?
28
Let m(v) = 4*v**2 + 4*v - 4. Let j be m(4). Let w be j/16 - 5 - (-453)/(-12). Let t be 434/9 - w/(-171). Calculate the greatest common divisor of 6 and t.
6
Let g = 18454 - 18100. Calculate the greatest common divisor of g and 366.
6
Let t be 10945/45 - 2/9. Suppose -2*g = 3 - t. Let w(c) = -2*c + 24. Let b be w(-12). What is the greatest common divisor of g and b?
24
Suppose 12*c + 2*c - 816 = 8*c. What is the highest common factor of c and 3332?
68
Suppose 4*t - 760 = -138*x + 142*x, t = -x + 180. Calculate the highest common factor of t and 111.
37
Let m(h) = h**3 - 8*h**2 + 10*h + 4. Let q be m(8). Let g = -23 - -26. Let a(v) = v**3 - v**2 + 3. Let w be a(g). What is the highest common divisor of w and q?
21
Let h be (3 - 0) + (-842)/(-1 + -1). Suppose -t = 3*t + h. Let k = 190 + t. What is the greatest common divisor of k and 28?
28
Let d be ((-277160)/(-39))/13 + 6/(-9). What is the greatest common divisor of 924 and d?
42
Let x(r) = 10*r**2 + 15. Let a be x(5). What is the greatest common factor of a and 636?
53
Let m(c) = 84*c**2 - 133*c - 407. Let h be m(-3). What is the highest common factor of 6919 and h?
187
Let p be (-1 + 2)/(58/1334). What is the greatest common divisor of 5 and p?
1
Let u(c) = 5*c**2 - 2*c. Let b be u(2). Suppose 113*k + 4*p - 680 = 108*k, -4*k + 566 = p. Calculate the greatest common divisor of k and b.
16
Let b = -226 + 348. Suppose 3*p - 173 = 3*m - 7*m, b = 2*p + m. Let y(v) = -v**2 - 15*v - 17. Let n be y(-13). Calculate the greatest common factor of n and p.
9
Suppose -2*d = 3*u - 11, -8*u + 12 = -4*u + 4*d. Suppose u*z - c = 155, 31 = 3*z - 2*c - 69. Calculate the highest common factor of z and 12.
6
Let h = -2755 + 2975. Calculate the highest common divisor of 500 and h.
20
Let m(i) = -13*i**2 - 171*i + 6. Let h be m(-11). Suppose 3*x = -v + 341 + h, x = -4. What is the highest common divisor of 29 and v?
29
Let v = 34054 + -32696. What is the greatest common divisor of 8536 and v?
194
Suppose -3*r + 4*o - 42 + 5 = 0, r + 8 = -3*o. Let k be (-3 + r)*6/(-6). What is the greatest common divisor of k and 42?
14
Let f = 58 - 58. Let j(u) = -22*u**2 + u + 20. Let n be j(f). What is the highest common factor of n and 50?
10
Suppose 0 = 10*v - 32 + 2. Suppose o = -2*o + v*d + 108, 4*o - 144 = d. Calculate the highest common factor of 45 and o.
9
Suppose 59*f = 2339 + 15715. Let r = 96 - 60. What is the highest common divisor of f and r?
18
Let s(i) be the second derivative of 17*i**4/12 - i**3/3 - 45*i**2/2 + 2*i - 4. Let q be s(-5). Calculate the greatest common factor of q and 20.
10
Let k = 37 - -83. Suppose -3*c - 4*r = -150, 3*c + c = -3*r + 200. Let j be 3/5*1*c. Calculate the highest common divisor of k and j.
30
Suppose 14*p - 39 = p. Suppose 9*j + p*f + 1231 = 16*j, -3*f + 344 = 2*j. What is the greatest common factor of 15 and j?
5
Let s = 22074 - 20721. What is the greatest common factor of 594 and s?
33
Let d = -421 + 454. Suppose 6*x - 2376 = -3*x. Calculate the highest common divisor of d and x.
33
Suppose 3*n + t + 2 = 53, 0 = 3*n + 3*t - 57. Calculate the greatest common divisor of n and 15360.
16
Suppose 7 + 1 = -2*y + 4*i, -3*y + 28 = 4*i. Suppose -175 = -y*h + 169. Calculate the greatest common divisor of h and 301.
43
Suppose -178*w + 183*w - 3*d = 479, 2*w - 5*d = 203. What is the greatest common divisor of 8460 and w?
94
Suppose 74*x = 78*x + 44. Let s(a) = 2*a**3 + 21*a**2 - 11*a + 4. Let q be s(x). Calculate the highest common factor of 14 and q.
2
Let h = -278 - -350. Suppose -3*g + 1728 = g. What is the highest common divisor of g and h?
72
Suppose -14*v = -459 - 38741. Calculate the highest common divisor of 640 and v.
80
Let j(f) = 75*f**2 - f - 1. Let i be j(-1). Let l be (-1 + -1 - -1)*(72 - i). What is the greatest common divisor of l and 12?
3
Let b = 23 + -25. Let x be (-63)/(3/(b - 7)). Suppose 6*g - 3*g - x = 0. Calculate the greatest common factor of g and 9.
9
Let k(a) = -2*a**2 - 48*a - 16. Let y be k(-22). Suppose 9*r + 48*r = 114. Calculate the highest common factor of y and r.
2
Let m = -908 - -1944. What is the highest common divisor of 333 and m?
37
Suppose 2*d = -6*d + 96. Let c be -5*(-1 + (-2)/((-40)/d)). Suppose 0 = -c*q + 11 + 3. Calculate the greatest common divisor of 49 and q.
7
Let j(b) = -18*b - 11. Let y be j(-3). Let x = y + -41. Suppose -96 = -3*r + x*n, 0*r + 4*r - 127 = 3*n. Calculate the highest common factor of 17 and r.
17
Let a = -3511 - -3706. Calculate the highest common factor of 375 and a.
15
Suppose -y + 0*y + 5 = -4*t, -4*t - y = 3. Let s(z) = -21*z**3 - z**2 + 6*z + 6. Let q be s(t). Calculate the highest common divisor of q and 25.
5
Let d = -22 + 27. Let f = -128 + 93. Let r = 0 - f. Calculate the greatest common divisor of r and d.
5
Suppose 91732 = 26*s + 45*s. What is the greatest common divisor of 748 and s?
68
Suppose -4*b - 98 = -7*b - i, -3*b - 3*i = -90. Suppose -y + 3*v + 23 = 0, 4*v + 74 = 4*y + v. Calculate the highest common factor of y and b.
17
Let v be 192*(-4 + (-26)/(-6)). Suppose -104 = 2*z + v. Let p = 124 + z. What is the greatest common factor of p and 200?
40
Let p(l) = 2*l**2 + 85*l + 74. Let r be p(-48). Let x = 31 - 17. What is the highest common divisor of r and x?
14
Let a be 1392/(-14) + (-30)/(-70). Let x = 70 + a. Let r = x + 44. What is the highest common divisor of r and 90?
15
Let d be -9 + (123 + -9 - -10 - -5). Calculate the highest common divisor of 1880 and d.
40
Let u(m) = -2*m**2 + 27*m + 152. Let n be u(15). Calculate the highest common divisor of n and 3424.
107
Suppose 102*p = 123*p - 1638. Calculate the greatest common factor of 348 and p.
6
Let l(p) = 6*p**2 + 3*p - 69. Suppose -2*s + 20 = 5*u, -2*u + 2 = 8*s - 6*s. Let c be l(u). What is the greatest common factor of 33 and c?
33
Let o(f) = -2*f**3 - 2*f**2 - 4*f - 3. Let g be o(-2). Let p = g + -7. Suppose p*h = -20 + 50. Calculate the highest common factor of h and 65.
5
Let w = 39763 + -39022. Calculate the highest common divisor of 1710 and w.
57
Suppose 81620 = 318*q - 93280. Suppose -3*w + 22 = -w. Calculate the highest common divisor of w and q.
11
Suppose 371*t = 375*t - 84. Suppose 0 - 19 = -4*c + 3*o, -t = -4*c + 5*o. What is the highest common divisor of c and 68?
4
Let z = -719 + 735. Let s be 121 - -3 - (-6 - (4 + -6)). What is the greatest common factor of s and z?
16
Let u(p) = p**2 - 25*p - 80. Let h be u(35). What is the greatest common divisor of 1215 and h?
135
Let q(v) = 4*v + 1. Let d(c) = -7*c -